of -q**2 + 5/6*q**3 + 0 - 1/3*q**4 + 7*q - 1/20*q**5. Calculate d(t).
-2
Let x(z) be the third derivative of -z**4/24 + 7*z**3/2 - 6*z**2. Let o be x(16). Suppose r = -o*r. Let u(g) = -g**2 - g - 1. Calculate u(r).
-1
Let f(b) = b - 1. Let s(w) = 8*w - 7. Let g(j) = -6*f(j) + s(j). Let o(y) = 4447 + 2*y**2 - 4486 + 9*y - 45*y. Let u be o(19). What is g(u)?
-3
Let h(j) = -535 + 6*j + j**2 + j + 534 + 3*j. Let m be h(-10). Let b(x) = -17*x**3 + 2*x**2 + x. Calculate b(m).
18
Let q = 5 - -2. Let z be q/(-14) + 14/4. Suppose 4*b - 5 - z = 0. Let f(u) = u**2 + u + 2. Give f(b).
8
Let n(i) = i**2 - 13*i + 40. Let v be n(5). Let u(k) = -k**3 + 2*k + 2. Determine u(v).
2
Let h(z) = -1158*z - 1160*z + 36 - 1163*z + 3482*z. Determine h(-17).
19
Suppose 8*m = -11 - 13. Let v(i) = 2*i - 4. What is v(m)?
-10
Let q(d) = -d - 1. Let r(n) = -6*n - 5. Let w be r(-2). Let f(p) = p**2 - 8*p + 13. Let x be f(w). Let s be 36/(-8)*x/(-9). Give q(s).
-4
Let c(q) = q**3 - 6*q**2 - q + 5. Let w(r) = -r + 14. Let g be w(8). Determine c(g).
-1
Suppose -8*z = -9*z + 5. Let l(h) = -5*h**3 + 8*h**2 - 3*h - 4. Let w(d) = 11*d**3 - 17*d**2 + 7*d + 9. Let q(b) = -9*l(b) - 4*w(b). What is q(z)?
20
Let r be (4 - 2) + (-6)/(-3) + -16. Let b(g) = g + 15. Give b(r).
3
Let n(s) be the third derivative of s**5/60 + 5*s**4/24 - 15*s**2 + 3*s. Determine n(-5).
0
Let c be (1 + -3 + -4)/(-2). Suppose c*p - 5*o - 30 = -4, -4*p - 3*o - 4 = 0. Let s be 4 + (-1 - p) + 0. Let k(m) = m**2 + 2*m - 1. Calculate k(s).
2
Let u(c) = -2*c**3 + 2*c**2 + 3*c - 2. Let o(q) = 5*q**2 - 2*q - 2. Let f be o(2). Let i = -9 + -9. Let l be (-32)/i - f/(-63). Give u(l).
-4
Let u(k) = k**2 + 11*k - 18. Let d be u(-13). Let s(h) = h**2 - 8*h - 2. Calculate s(d).
-2
Let x = 32 + -31. Let y(q) = 0 + 3 - x + q. Determine y(-4).
-2
Let r(h) = -2*h**2 - 13*h + 15. Let k be r(-7). Let p(g) = 0*g - k*g + 5 - 4 - g**3 - 4*g**2 + 7*g. Calculate p(-3).
-5
Let w(p) = -p**3 + 11*p**2 + 10*p + 28. Let q be w(12). Let d(j) = -4 - 3*j + 3 + q. Determine d(2).
-3
Let m = 75 + -51. Suppose -4*z + m = -0. Let q(w) = -21 + 29 + w**2 + 0*w**2 - 8*w. Give q(z).
-4
Let y(v) be the third derivative of -1/24*v**4 - 13*v**2 + 0*v + 2/3*v**3 + 0. Determine y(0).
4
Suppose 5*u = -25, -26*r - 3*u - 35 = -30*r. Let h(s) be the second derivative of -2*s**2 + 6*s + 1/3*s**4 - 1/3*s**3 + 0 + 1/20*s**r. Calculate h(-4).
4
Suppose -43*n - 15 = -38*n. Let q(t) = -3 + 2 - 3 + 0*t - t. What is q(n)?
-1
Suppose 0 = 2*n + 8*n - 40. Let t(x) = 8 - n*x + 7*x - x**2 - 6*x - x. Determine t(-7).
-13
Let u(g) = -2 - 8*g - 2 - g**2 + 9 + 5 + 2*g**2. Give u(6).
-2
Let z(m) = m**3 + m**2 + 2*m + 4. Let i be (-8)/5 + (-60)/25 + 2. Determine z(i).
-4
Let j be 1/(-1) - (-5 - -12). Let c be j + (-1)/2*(2 - 4). Let b(i) = i**3 + 8*i**2 + 7*i - 7. Give b(c).
-7
Suppose -5*b = b - 30. Let f(z) = 1 - 3 - 7*z + b*z. Calculate f(-2).
2
Let t(o) = -o**2 + 6*o + 3. Let r be t(5). Let q = r - 14. Let j(p) be the third derivative of -p**5/60 - 3*p**4/8 - 2*p**3/3 + 48*p**2. Calculate j(q).
14
Let o be -6*(-3 - 2/(-6)). Suppose 0 = 3*a - m - o, 8 + 12 = 2*a + 4*m. Suppose 5*k - 14 = a. Let d(f) = f + 4. What is d(k)?
8
Let f(q) = -6*q**3 + q. Let i be (1 + -1)/(0 + 2). Suppose -55*j + 50*j - 5 = i. Calculate f(j).
5
Let z(y) = 2*y + y - y - 51 + 2*y + 79. What is z(-8)?
-4
Let t(k) = -3*k**2 - k + 8. Let i(w) = w**2 + w. Let s(u) = 2*i(u) + t(u). Suppose 11*p - 16*p + 5*f - 10 = 0, -3*p - 2*f = -4. Give s(p).
8
Let c(z) = -8*z - 3. Let a(f) = -4*f - 1. Let s be (27/12)/((-2)/(-8)). Let q = -72 - -68. Let k(r) = q*c(r) + s*a(r). Give k(2).
-5
Let v(a) be the second derivative of a**4/6 - a**3/2 - 3*a**2/2 - a. Let d be (-85)/68*36/(-15). Calculate v(d).
6
Let z(u) = -13*u**3 - 12*u**2 + 6*u - 4. Let f(n) = -24*n**3 - 23*n**2 + 11*n - 8. Let a(t) = -6*f(t) + 11*z(t). Give a(-6).
4
Let t(n) = 3*n**2 + 6 - 4*n**2 + 3*n + 5*n**2 + n**3. Let f(h) = -h**2 - 26*h + 151. Let l be f(5). Calculate t(l).
-6
Let l(a) = -a. Let j(r) = -6*r - 3. Let t(g) = j(g) - 5*l(g). Suppose 21 = -4*m - 3. Determine t(m).
3
Let r(n) = 0*n**2 + 3 + 4*n**2 + 17*n**2 - 7*n - 22*n**2. Let w(d) = -d. Let l be w(7). Calculate r(l).
3
Suppose -22*d = 13*d - 175. Let y(l) = -l + 10. Determine y(d).
5
Let p(y) be the second derivative of -1/6*y**3 - 1/20*y**5 - 1/6*y**4 + 0 + 12*y + 0*y**2. Determine p(-1).
0
Let r be (-1)/(2/4) - 3. Let l(w) be the first derivative of w**4/4 + 2*w**3 + 2*w**2 - 5*w + 121. Give l(r).
0
Let f(n) = n**2 + 8*n. Let b(i) = i**3 + i**2 - 28*i + 4. Let g(j) = -b(j) - 4*f(j). What is g(-4)?
-4
Let h be (-6)/21 + (-122)/14. Let d = -6 - h. Let y(p) = 0*p - 4*p + 3*p**2 + p**2 - 3*p**2. Give y(d).
-3
Let y(g) = -2*g**2 + 2*g - 3. Let v be (-7 - 123/(-18))*-12. Determine y(v).
-7
Let v(w) = 30 + 4*w**3 - 5*w + 33 - 4*w**2 - 54. Let r(u) = -u**3 - 1. Let i(x) = 3*r(x) + v(x). Calculate i(5).
6
Let r(h) = -2*h**3 - 2*h**2 + 2*h + 15. Let w be 1 - 18/3 - 6. Let q(j) = -j**3 - j**2 + j + 8. Let x(u) = w*q(u) + 6*r(u). Suppose z + z = 0. Calculate x(z).
2
Let w = -16 + 21. Let u(b) = -b - 11. Let s(k) = k + 6. Let y(n) = w*s(n) + 3*u(n). Determine y(4).
5
Let o be -3*(-2)/(-30) - 261/(-5). Let m = -59 + o. Let l(k) = -k. Calculate l(m).
7
Suppose -4 = -2*m - 4*d + 3*d, -4*m = 4*d - 16. Let t(v) be the second derivative of m - 1/3*v**4 + 1/3*v**3 - v - 1/2*v**2. Calculate t(1).
-3
Let l(c) = -c**3 + 14*c**2 + 13*c + 21. Suppose 31 = 10*q - 119. Determine l(q).
-9
Let q(a) = -3*a. Let n(k) = k**2 - 12*k + 30. Let j = -162 - -170. Let m be n(j). What is q(m)?
6
Let b = -102 - -98. Let l(q) = -q + 3. Let h be l(b). Let t(g) = -g**3 + 8*g**2 - 10*g + 5. Calculate t(h).
-16
Let t(m) be the first derivative of m**2/2 + 11*m + 291. Calculate t(11).
22
Let j(t) = -5 - 12*t - t**2 + 7*t + 2*t + t + 6*t. Give j(5).
-10
Let a = -21 - -18. Let r(s) = -s**2 - 2*s + 7. Give r(a).
4
Let p(c) be the first derivative of c**3/3 + c**2/2 - 12*c - 6. Let m(j) be the first derivative of p(j). Give m(-4).
-7
Let r = -10 + 14. Let h(p) be the second derivative of -p**5/10 + 5*p**4/12 + p**3/2 + 2*p**2 + 2*p + 1288. Calculate h(r).
-32
Let c(l) = -l**3 + 13*l**2 - 11*l - 20. Let f be c(12). Let w(m) = m**2 + 4*m - 3. Give w(f).
29
Suppose 10 + 5 = t. Suppose 5*c + 5 = t. Let u(a) = -a - 5*a + c*a + a**2 - 2 - a. What is u(5)?
-2
Let u(r) = -r**2 - r - 1. Let g(a) = -2*a**2 + a - 10. Let o(w) = g(w) - 3*u(w). Suppose -6*n - 52 = -2*n. Let c = -19 - n. Determine o(c).
5
Let u(q) = -7*q**2 - 4*q + 2. Let n(k) = -4*k**2 - 2*k + 1. Let g(z) = 11*n(z) - 6*u(z). Let o(y) = y**3 - 10*y**2 - 16*y + 56. Let s be o(11). Give g(s).
-1
Suppose -o - 5*y - 3 = 0, -3*o = -4*o + 2*y - 3. Let b(n) = 2*n + 7. Calculate b(o).
1
Let a(b) = 13*b - 5. Let h(g) = 3 + 3 - 5 - 27*g + 10. Let w(m) = -9*a(m) - 4*h(m). Calculate w(3).
-26
Let o(y) = -1 + 26*y + 2 - y**2 - 28*y. Let h be o(-2). Suppose 17 + h = -3*b. Let z(u) = -u**3 - 6*u**2 + u - 4. Determine z(b).
-10
Let l(r) = -r**2 + 4*r + 7. Let x be 6/(-4)*(-70)/15. Let i be x - (140/120 - 1/6). Give l(i).
-5
Let k be (21/(-9))/(3/(-9)). Let q(c) be the first derivative of -k - 5/2*c**2 - 5*c + 1/3*c**3. What is q(5)?
-5
Let w(a) = 4*a - 2. Let o(k) = 35*k - 9. Let t(x) = -o(x) + 4*w(x). Suppose 5*i + 4*d - 3 = 0, 3*d + 3 - 6 = -3*i. Determine t(i).
20
Let m(d) be the second derivative of d**5/20 + 5*d**4/12 - 4*d**3/3 + 3*d**2/2 + 191*d. Calculate m(-6).
15
Let x = 0 + 2. Suppose -x*p = 3*v, 3*p - v = p. Let t(l) = 2*l + 2*l - 2*l - 1 + p. Determine t(-1).
-3
Let b(n) = -4 + 8*n**3 + n - 3*n**2 - 3*n**3 - n**2 - 7*n. Let c(a) = 4*a**3 - 4*a**2 - 5*a - 3. Let i(p) = -3*b(p) + 4*c(p). Calculate i(4).
-8
Let g(n) = 2*n + 6. Let l be 0/((-8)/1) + 6. Give g(l).
18
Let w(o) be the first derivative of -o**2/2 - o - 8. Let n(s) = s**2 - 6*s - 4. Let f(q) = n(q) - 2*w(q). Let i = 0 - -7. Calculate f(i).
19
Let q(i) = i**3 - 8*i**2 + 9*i - 13. Suppose -80*n - 84 = -92*n. Calculate q(n).
1
Let k(p) = -p**2 - 27. Let x(m) = 3*m + 87. Let c be x(-29). Give k(c).
-27
Let m(q) = -28*q**2 - 25*q - 19. Let b(i) = -11*i**2 - 12*i - 10. Let u(p) = -5*b(p) + 2*m(p). Calculate u(10).
12
Let i(p) = p - 1. Let k = 740 + -738. What is i(k)?
1
Let h(u) = -u**3 - 5*u**2 + 7*u + 16. Suppose -2*a - 2 = 0, -2